 m.
20
Suppose 8*a = 294 - 134. What is the remainder when 65 is divided by a?
5
Suppose -489*j + 488*j + 153 = 0. Calculate the remainder when j is divided by 31.
29
Let l be (5/((-50)/8))/((-5)/25). Suppose -l*u = 4*u - 664. What is the remainder when u is divided by 12?
11
Suppose 4*u + 46 = 2*c, c + 4*c - 3*u - 129 = 0. Let t = 18 + 5. Calculate the remainder when t is divided by ((-4)/(-3))/(6/c).
5
Suppose -3*k = g - 22, -5*g + 70 - 24 = -k. Suppose 33 = g*j - 7. Calculate the remainder when 11 is divided by j.
3
Let h(y) = y**3 - 9*y**2 - 49*y - 22. Let v(b) = 3*b**2 - 3*b + 7. Calculate the remainder when v(5) is divided by h(13).
16
Let l(o) = -12*o**2 - 14*o + 0 - 8 - 8 - o**3. Let w(i) = -i**3 + 18*i**2 + 19*i - 11. Let s be w(19). Calculate the remainder when 48 is divided by l(s).
14
Let n = -54 - -92. Suppose 0 = 3*w - 49 - n. Suppose 4*a = w + 63. What is the remainder when 68 is divided by a?
22
Let c = -24 - -26. What is the remainder when 31 is divided by (160/(-25))/(c/(-5))?
15
What is the remainder when 10544/96 + (34/(-12) - -3) is divided by 16?
14
Suppose -5*c - 4*g + 113 - 15 = 0, -4*c - 3*g + 78 = 0. Calculate the remainder when (20/(-1))/(2/(-7)) is divided by c.
16
Suppose 2*a - 5*r + 3*r = 36, -5*a + r + 74 = 0. Calculate the remainder when 41 is divided by a.
13
Let c(v) = -v**3 + v**2 + 6*v - 3. Let y be c(4). Let z = y - -39. Let f(j) = j**3 - 12*j**2 + 2*j - 2. Calculate the remainder when 41 is divided by f(z).
19
Suppose 3*h = -h + 568. Suppose 69 = 5*f - i, 3*f - 2*f - 33 = 5*i. Calculate the remainder when h is divided by f.
12
Let m = -13 - -16. Suppose 0 = m*o + 6 - 18. Suppose 0 = s - 4, o*k - 5*s - 329 = -61. Calculate the remainder when k is divided by 25.
22
Let n be -8 - -4 - (-4 - -72). Let o = -48 - n. Calculate the remainder when o is divided by 6.
0
Suppose g + g + 5*c = 4, -4*g - 3*c = -22. Suppose 0 = 3*w - b - 4*b + 12, 0 = 5*w - 4*b + g. Calculate the remainder when 3 - (w + 4)*-4 is divided by 13.
10
Let d = 76 - 54. Let z = 33 + d. Suppose -5*t + 35 = -35. Calculate the remainder when z is divided by t.
13
Let b(c) = c**3 + 16*c**2 + 10*c + 197. What is the remainder when 61 is divided by b(-16)?
24
Suppose -148 = -c + 139. What is the remainder when c is divided by 16?
15
Let b = 603 + -481. What is the remainder when b is divided by 52?
18
Suppose -2*o + 28 = -0*o. Calculate the remainder when (-1)/10*-2 + 12028/310 is divided by o.
11
Suppose -3*w - 5 = -77. Suppose 4*f = 3*f - 2*d + w, 0 = d. Calculate the remainder when 69 is divided by f.
21
Let s be 205/(-6) - -1 - (-1)/6. Calculate the remainder when 62 is divided by ((-42)/4)/(s/6 + 5).
20
Let a = -220 - -310. Suppose 5*c - 15 = a. What is the remainder when 38 is divided by c?
17
Calculate the remainder when (-4 - 3)/(-3 - (-166)/56) is divided by 29.
22
Let g = 10 + -10. Let w be ((1 - -2) + g)*3. Calculate the remainder when 24 is divided by w*(-3 + (1 - -3)).
6
Let x(t) = 2*t**2 - 5*t - 40. Let c(k) = -3*k**2 + 8*k + 60. Let v(p) = -5*c(p) - 8*x(p). What is the remainder when v(0) is divided by 8?
4
Let n(g) = g**2 - 8*g - 91. What is the remainder when n(-10) is divided by 45?
44
Let h = 514 + -272. Let m = 441 - h. What is the remainder when m is divided by 50?
49
Let d(b) = -b**2 - 19*b + 3. Calculate the remainder when d(-9) is divided by ((-15)/(-10))/((-2)/(-32)).
21
Let j = 17 - 9. What is the remainder when 30 is divided by j?
6
Suppose -5*n = 2*b - 48, -n - 3*b - 110 = -117. Calculate the remainder when 26 is divided by n.
6
Let n be 3 - -65 - (1 + -2)*-1. Let f = n + -44. Suppose -r + 17 - 1 = i, 58 = 4*i + 2*r. Calculate the remainder when f is divided by i.
10
Let h be 4/(-3 + 4) + 20. Calculate the remainder when 35 is divided by h/(-42) - 190/(-14).
9
Let n(u) = 4*u + 81. Let p be (-1 - -4) + 22 + -10. Let s = p - 6. Calculate the remainder when n(-5) is divided by s.
7
Let m(y) = -2*y**3 - y**2 + 4*y + 3. Let g be m(-3). Suppose -11*n = -3 - 19. Calculate the remainder when 28 is divided by (g/2 - 4) + n.
12
What is the remainder when 22 is divided by (-14)/((-84)/(-18)) + 17 + 0?
8
Suppose 1 = f - 3. Suppose o - f*o = -189. Suppose -3*r - 3*y = -o, r = 4*r + y - 57. What is the remainder when 71 is divided by r?
17
Suppose -1354 = v - 1367. Calculate the remainder when 112 is divided by v.
8
Let w(o) = -9*o + 26. What is the remainder when w(-12) is divided by 36?
26
Let p be (-5)/2*8/10. Calculate the remainder when 130/(1 - -1) + p/(-1) is divided by 24.
19
Let s = -42 + 179. Let g = s - 97. What is the remainder when 157 is divided by g?
37
Let j = -60 + 252. Suppose 4*h - 2*n = -6*n + j, -h + 5*n + 42 = 0. What is the remainder when h is divided by 12?
11
Let j(x) = -x**3 + 2*x**2 + 4*x + 4. Suppose v + n - 8 = -3, 2*v - 5*n = -4. What is the remainder when 13 is divided by j(v)?
6
Let i(l) = -2*l**2 - 31*l + 111. Calculate the remainder when i(0) is divided by 18.
3
Let f = 2127 - 2044. What is the remainder when f is divided by 39?
5
Suppose -3*y + 9 = 2*c, -c = -6*c + 5*y - 15. Let m = 45 - c. Suppose 0 = o - 9 - 7. Calculate the remainder when m is divided by o.
13
Suppose a - 2*a + 4*h = -53, 0 = 4*h - 20. Suppose b = a - 21. Suppose 4*o = -0*o + b. What is the remainder when o is divided by 8?
5
Let b be (-2)/(-6)*(0 - 0). Suppose w - 16 + 4 = b. What is the remainder when 47 is divided by w?
11
Let o = 18 + 58. Let p = o - 30. Calculate the remainder when 89 is divided by p.
43
Let h(w) = w**2 + 39*w + 91. What is the remainder when 63 is divided by h(-37)?
12
Suppose 119 = 12*p - 433. Calculate the remainder when 240 is divided by p.
10
Let f be ((-9)/2)/(-9)*306. Let y = f + -84. What is the remainder when y is divided by 14?
13
Let a(p) = -p**3 - 5*p**2 + 2*p + 14. Let x be a(-5). Suppose x*f = 7*f - 45. What is the remainder when 149 is divided by f?
14
Let d(w) = -w**2 - 6*w + 2. Let m be d(-5). Let i = 5 - m. Calculate the remainder when 56 + i/(-4)*4 is divided by 12.
10
Suppose -2*d + 36 = 4*t, -t - 4*t = -5*d + 120. What is the remainder when 131 is divided by d?
21
Let z = -28 + 35. What is the remainder when 424 is divided by z?
4
Suppose 2*f - 114 = 64. Let j = f + -53. Calculate the remainder when j*1/8*6 is divided by 15.
12
Suppose 0 = 3*k + 4*h - 109, 26*h + 77 = 3*k + 22*h. What is the remainder when 1487 is divided by k?
30
Let u = -312 + 314. Let i(y) = y**2 - 6*y + 7. Let r be i(5). Suppose c - 12 = -2*t, 4*c + 2*t - 32 = -r*t. What is the remainder when c is divided by u?
0
Let z = 104 - 69. Let f = -25 + z. What is the remainder when 24 is divided by f?
4
Suppose -4*w = 2*z + 10, 4*z + 65 = z + 4*w. Suppose -3*i - 7 = -4*p - 42, -3*p = 4*i + 20. What is the remainder when 35 is divided by (-189)/z + p/(-20)?
9
Let t(m) = -m**2 + 11*m + 19. What is the remainder when 40 is divided by t(12)?
5
Suppose -t + 3 = -9. Let s = 240 + -134. What is the remainder when s is divided by t?
10
Suppose 4*z - s = 39 + 79, -93 = -3*z + 3*s. Let w(g) = g**2 + 8*g + 11. What is the remainder when z is divided by w(-8)?
7
Let l = 1464 - 841. Suppose -l = -7*a - 105. Calculate the remainder when a is divided by 11.
8
Suppose -105*v + 294 = -91*v. What is the remainder when v is divided by 13?
8
Let k be (8/5)/((-16)/(-40)). Suppose -36 = -5*y - b + 14, 0 = -5*y - k*b + 35. Calculate the remainder when y is divided by ((-10)/14)/((-6)/42).
1
Let n = -82 + 151. Calculate the remainder when 896 is divided by n.
68
Let r be 1 + 1 - (19 - 22). Calculate the remainder when ((-6)/(-8) + r/20)*29 is divided by 11.
7
Suppose 5*l - c - 232 = 937, 0 = -4*c - 16. Let s = -154 + l. Let o = -26 + 46. What is the remainder when s is divided by o?
19
Suppose 0 = -3*n - 22 + 79. Let s = -21 + 25. Suppose -s*x = -2*p - 0*p - 292, -x + 63 = -3*p. Calculate the remainder when x is divided by n.
18
Let p(f) = f**3 - 6*f**2 + 16*f - 32. What is the remainder when 41 is divided by p(5)?
18
Let g be 136/51 + 1/3. Suppose -g*d = -202 + 28. What is the remainder when d is divided by 30?
28
Suppose -31*d = -35*d + 16. Suppose -4*f - v + 3*v + 154 = 0, d*f - 5*v - 157 = 0. What is the remainder when f is divided by 10?
8
Suppose 4*f = -630 + 1606. What is the remainder when f is divided by 82?
80
Suppose -152 = 5*v - 442. 